{"id":934,"date":"2023-02-04T12:03:51","date_gmt":"2023-02-04T11:03:51","guid":{"rendered":"http:\/\/www.country-route92.fr\/wordpress\/?page_id=934"},"modified":"2023-11-20T12:11:44","modified_gmt":"2023-11-20T11:11:44","slug":"troupe","status":"publish","type":"page","link":"https:\/\/www.country-route92.fr\/wordpress\/troupe\/","title":{"rendered":"Troupe"},"content":{"rendered":"\t\t<div data-elementor-type=\"wp-page\" data-elementor-id=\"934\" class=\"elementor elementor-934\" data-elementor-settings=\"[]\">\n\t\t\t<div class=\"elementor-inner\">\n\t\t\t\t<div class=\"elementor-section-wrap\">\n\t\t\t\t\t\t\t<section class=\"penci-section penci-disSticky penci-structure-10 elementor-element elementor-element-aa63e9c elementor-section-boxed elementor-section-height-default elementor-section-height-default elementor-section elementor-top-section\" data-id=\"aa63e9c\" data-element_type=\"section\" data-settings=\"{&quot;background_background&quot;:&quot;classic&quot;}\">\n\t\t\t\t\t\t<div class=\"elementor-container elementor-column-gap-extended\">\n\t\t\t\t<div class=\"elementor-row\">\n\t\t\t\t<div class=\"penci-ercol-100 penci-ercol-order-1 penci-sticky-ct  elementor-element elementor-element-9d77d51 elementor-column elementor-col-100 elementor-top-column\" data-id=\"9d77d51\" data-element_type=\"column\" data-settings=\"{&quot;background_background&quot;:&quot;classic&quot;}\">\n\t\t\t<div class=\"theiaStickySidebar elementor-column-wrap  elementor-element-populated\">\n\t\t\t\t\t<div class=\"elementor-widget-wrap\">\n\t\t\t\t<div class=\"elementor-element elementor-element-088c067 elementor-widget elementor-widget-penci-fancy_heading\" data-id=\"088c067\" data-element_type=\"widget\" data-widget_type=\"penci-fancy_heading.default\">\n\t\t\t\t<div class=\"elementor-widget-container\">\n\t\t\t\t\t<div class=\"penci-fancy-heading penci-heading-text-center\">\r\n\t\t\t<div class=\"penci-fancy-heading-inner\">\r\n\t\t\t\t<h2 class=\"penci-heading-title\">La Troupe<\/h2><div class=\"penci-heading-content entry-content\"><p>Liste des danses pr\u00e9sent\u00e9es durant les d\u00e9monstrations<\/p>\n<\/div>\t\t\t<\/div>\r\n\t\t<\/div>\r\n\t\t\t\t<\/div>\n\t\t\t\t<\/div>\n\t\t\t\t\t\t<\/div>\n\t\t\t<\/div>\n\t\t<\/div>\n\t\t\t\t\t\t<\/div>\n\t\t\t<\/div>\n\t\t<\/section>\n\t\t\t\t<section class=\"penci-section penci-disSticky penci-structure-10 elementor-element elementor-element-04e305d elementor-section-boxed elementor-section-height-default elementor-section-height-default elementor-section elementor-top-section\" data-id=\"04e305d\" data-element_type=\"section\">\n\t\t\t\t\t\t<div class=\"elementor-container elementor-column-gap-default\">\n\t\t\t\t<div class=\"elementor-row\">\n\t\t\t\t<div class=\"penci-ercol-100 penci-ercol-order-1 penci-sticky-ct  elementor-element elementor-element-cbbe4af elementor-column elementor-col-100 elementor-top-column\" data-id=\"cbbe4af\" data-element_type=\"column\">\n\t\t\t<div class=\"theiaStickySidebar elementor-column-wrap  elementor-element-populated\">\n\t\t\t\t\t<div class=\"elementor-widget-wrap\">\n\t\t\t\t<div class=\"elementor-element elementor-element-636babb elementor-widget elementor-widget-text-editor\" data-id=\"636babb\" data-element_type=\"widget\" data-widget_type=\"text-editor.default\">\n\t\t\t\t<div class=\"elementor-widget-container\">\n\t\t\t\t\t<div class=\"elementor-text-editor elementor-clearfix\"><p>Les Vid\u00e9os<\/p><\/div>\n\t\t\t\t<\/div>\n\t\t\t\t<\/div>\n\t\t\t\t\t\t<\/div>\n\t\t\t<\/div>\n\t\t<\/div>\n\t\t\t\t\t\t<\/div>\n\t\t\t<\/div>\n\t\t<\/section>\n\t\t\t\t<section class=\"penci-section penci-disSticky penci-structure-10 elementor-element elementor-element-ec6c377 elementor-section-boxed elementor-section-height-default elementor-section-height-default elementor-section elementor-top-section\" data-id=\"ec6c377\" data-element_type=\"section\">\n\t\t\t\t\t\t<div class=\"elementor-container elementor-column-gap-default\">\n\t\t\t\t<div class=\"elementor-row\">\n\t\t\t\t<div class=\"penci-ercol-100 penci-ercol-order-1 penci-sticky-ct  elementor-element elementor-element-2e5fbf1 elementor-column elementor-col-100 elementor-top-column\" data-id=\"2e5fbf1\" data-element_type=\"column\">\n\t\t\t<div class=\"theiaStickySidebar elementor-column-wrap  elementor-element-populated\">\n\t\t\t\t\t<div class=\"elementor-widget-wrap\">\n\t\t\t\t<div class=\"elementor-element elementor-element-974382a elementor-widget elementor-widget-shortcode\" data-id=\"974382a\" data-element_type=\"widget\" data-widget_type=\"shortcode.default\">\n\t\t\t\t<div class=\"elementor-widget-container\">\n\t\t\t\t\t<div class=\"elementor-shortcode\">\r\n<div id=\"aiovg-69eb7fd2259b82\" class=\"aiovg aiovg-videos aiovg-videos-template-classic\">\r\n\t<div class=\"aiovg-grid aiovg-row\">            \r\n        <div class=\"aiovg-col aiovg-col-3\">\r\n            \n<div class=\"aiovg-thumbnail aiovg-thumbnail-style-image-top\" data-id=\"1454\">\n    <a href=\"https:\/\/www.country-route92.fr\/wordpress\/video\/04-04-25-lonely-drum\/\" class=\"aiovg-responsive-container\" style=\"padding-bottom: 56.25%;\">\n        <img decoding=\"async\" src=\"https:\/\/img.youtube.com\/vi\/BK9QUjwCydo\/mqdefault.jpg\" alt=\"04\/04\/25 - Lonely Drum\" class=\"aiovg-responsive-element\" \/>                    \n        \n                \n        <svg class=\"aiovg-svg-icon aiovg-svg-icon-play\" width=\"32\" height=\"32\" viewBox=\"0 0 32 32\">\n            <path d=\"M16 0c-8.837 0-16 7.163-16 16s7.163 16 16 16 16-7.163 16-16-7.163-16-16-16zM16 29c-7.18 0-13-5.82-13-13s5.82-13 13-13 13 5.82 13 13-5.82 13-13 13zM12 9l12 7-12 7z\"><\/path>\n        <\/svg>\n    <\/a>    \t\n    \n    <div class=\"aiovg-caption\">\n                    <div class=\"aiovg-title\">\n                <a href=\"https:\/\/www.country-route92.fr\/wordpress\/video\/04-04-25-lonely-drum\/\" class=\"aiovg-link-title\">04\/04\/25 &#8211; Lonely Drum<\/a>\n            <\/div>\n        \n                    \n                \n        \n                \n            <\/div>\n<\/div>            \r\n        <\/div>                \r\n                    \r\n        <div class=\"aiovg-col aiovg-col-3\">\r\n            \n<div class=\"aiovg-thumbnail aiovg-thumbnail-style-image-top\" data-id=\"1410\">\n    <a href=\"https:\/\/www.country-route92.fr\/wordpress\/video\/02-01-25-gypsy\/\" class=\"aiovg-responsive-container\" style=\"padding-bottom: 56.25%;\">\n        <img decoding=\"async\" src=\"https:\/\/img.youtube.com\/vi\/3GWO7GWi3QU\/maxresdefault.jpg\" alt=\"02\/01\/25 - Gypsy\" class=\"aiovg-responsive-element\" \/>                    \n        \n                \n        <svg class=\"aiovg-svg-icon aiovg-svg-icon-play\" width=\"32\" height=\"32\" viewBox=\"0 0 32 32\">\n            <path d=\"M16 0c-8.837 0-16 7.163-16 16s7.163 16 16 16 16-7.163 16-16-7.163-16-16-16zM16 29c-7.18 0-13-5.82-13-13s5.82-13 13-13 13 5.82 13 13-5.82 13-13 13zM12 9l12 7-12 7z\"><\/path>\n        <\/svg>\n    <\/a>    \t\n    \n    <div class=\"aiovg-caption\">\n                    <div class=\"aiovg-title\">\n                <a href=\"https:\/\/www.country-route92.fr\/wordpress\/video\/02-01-25-gypsy\/\" class=\"aiovg-link-title\">02\/01\/25 &#8211; Gypsy<\/a>\n            <\/div>\n        \n                    \n                \n        \n                \n            <\/div>\n<\/div>            \r\n        <\/div>                \r\n                    \r\n        <div class=\"aiovg-col aiovg-col-3\">\r\n            \n<div class=\"aiovg-thumbnail aiovg-thumbnail-style-image-top\" data-id=\"1409\">\n    <a href=\"https:\/\/www.country-route92.fr\/wordpress\/video\/20-12-24-celtic-connection\/\" class=\"aiovg-responsive-container\" style=\"padding-bottom: 56.25%;\">\n        <img decoding=\"async\" src=\"https:\/\/img.youtube.com\/vi\/H9JD2sa97DM\/maxresdefault.jpg\" alt=\"20\/12\/24 - Celtic Connection\" class=\"aiovg-responsive-element\" \/>                    \n        \n                \n        <svg class=\"aiovg-svg-icon aiovg-svg-icon-play\" width=\"32\" height=\"32\" viewBox=\"0 0 32 32\">\n            <path d=\"M16 0c-8.837 0-16 7.163-16 16s7.163 16 16 16 16-7.163 16-16-7.163-16-16-16zM16 29c-7.18 0-13-5.82-13-13s5.82-13 13-13 13 5.82 13 13-5.82 13-13 13zM12 9l12 7-12 7z\"><\/path>\n        <\/svg>\n    <\/a>    \t\n    \n    <div class=\"aiovg-caption\">\n                    <div class=\"aiovg-title\">\n                <a href=\"https:\/\/www.country-route92.fr\/wordpress\/video\/20-12-24-celtic-connection\/\" class=\"aiovg-link-title\">20\/12\/24 &#8211; Celtic Connection<\/a>\n            <\/div>\n        \n                    \n                \n        \n                \n            <\/div>\n<\/div>            \r\n        <\/div>                \r\n                    \r\n        <div class=\"aiovg-col aiovg-col-3\">\r\n            \n<div class=\"aiovg-thumbnail aiovg-thumbnail-style-image-top\" data-id=\"1384\">\n    <a href=\"https:\/\/www.country-route92.fr\/wordpress\/video\/25-10-24-happy-happy-happy\/\" class=\"aiovg-responsive-container\" style=\"padding-bottom: 56.25%;\">\n        <img decoding=\"async\" src=\"https:\/\/img.youtube.com\/vi\/inS644nc9yY\/maxresdefault.jpg\" alt=\"25\/10\/24 - Happy Happy Happy\" class=\"aiovg-responsive-element\" \/>                    \n        \n                \n        <svg class=\"aiovg-svg-icon aiovg-svg-icon-play\" width=\"32\" height=\"32\" viewBox=\"0 0 32 32\">\n            <path d=\"M16 0c-8.837 0-16 7.163-16 16s7.163 16 16 16 16-7.163 16-16-7.163-16-16-16zM16 29c-7.18 0-13-5.82-13-13s5.82-13 13-13 13 5.82 13 13-5.82 13-13 13zM12 9l12 7-12 7z\"><\/path>\n        <\/svg>\n    <\/a>    \t\n    \n    <div class=\"aiovg-caption\">\n                    <div class=\"aiovg-title\">\n                <a href=\"https:\/\/www.country-route92.fr\/wordpress\/video\/25-10-24-happy-happy-happy\/\" class=\"aiovg-link-title\">25\/10\/24 &#8211; Happy Happy Happy<\/a>\n            <\/div>\n        \n                    \n                \n        \n                \n            <\/div>\n<\/div>            \r\n        <\/div>                \r\n                    \r\n        <div class=\"aiovg-col aiovg-col-3\">\r\n            \n<div class=\"aiovg-thumbnail aiovg-thumbnail-style-image-top\" data-id=\"1380\">\n    <a href=\"https:\/\/www.country-route92.fr\/wordpress\/video\/18-10-24-train-weck\/\" class=\"aiovg-responsive-container\" style=\"padding-bottom: 56.25%;\">\n        <img decoding=\"async\" src=\"https:\/\/img.youtube.com\/vi\/S0XfIqxSgUw\/maxresdefault.jpg\" alt=\"18\/10\/24 - Train Wreck\" class=\"aiovg-responsive-element\" \/>                    \n        \n                \n        <svg class=\"aiovg-svg-icon aiovg-svg-icon-play\" width=\"32\" height=\"32\" viewBox=\"0 0 32 32\">\n            <path d=\"M16 0c-8.837 0-16 7.163-16 16s7.163 16 16 16 16-7.163 16-16-7.163-16-16-16zM16 29c-7.18 0-13-5.82-13-13s5.82-13 13-13 13 5.82 13 13-5.82 13-13 13zM12 9l12 7-12 7z\"><\/path>\n        <\/svg>\n    <\/a>    \t\n    \n    <div class=\"aiovg-caption\">\n                    <div class=\"aiovg-title\">\n                <a href=\"https:\/\/www.country-route92.fr\/wordpress\/video\/18-10-24-train-weck\/\" class=\"aiovg-link-title\">18\/10\/24 &#8211; Train Wreck<\/a>\n            <\/div>\n        \n                    \n                \n        \n                \n            <\/div>\n<\/div>            \r\n        <\/div>                \r\n                    \r\n        <div class=\"aiovg-col aiovg-col-3\">\r\n            \n<div class=\"aiovg-thumbnail aiovg-thumbnail-style-image-top\" data-id=\"1352\">\n    <a href=\"https:\/\/www.country-route92.fr\/wordpress\/video\/27-09-24-chattahoochee\/\" class=\"aiovg-responsive-container\" style=\"padding-bottom: 56.25%;\">\n        <img decoding=\"async\" src=\"https:\/\/img.youtube.com\/vi\/44T3yo5OREY\/maxresdefault.jpg\" alt=\"27\/09\/24 - Chattahoochee\" class=\"aiovg-responsive-element\" \/>                    \n        \n                \n        <svg class=\"aiovg-svg-icon aiovg-svg-icon-play\" width=\"32\" height=\"32\" viewBox=\"0 0 32 32\">\n            <path d=\"M16 0c-8.837 0-16 7.163-16 16s7.163 16 16 16 16-7.163 16-16-7.163-16-16-16zM16 29c-7.18 0-13-5.82-13-13s5.82-13 13-13 13 5.82 13 13-5.82 13-13 13zM12 9l12 7-12 7z\"><\/path>\n        <\/svg>\n    <\/a>    \t\n    \n    <div class=\"aiovg-caption\">\n                    <div class=\"aiovg-title\">\n                <a href=\"https:\/\/www.country-route92.fr\/wordpress\/video\/27-09-24-chattahoochee\/\" class=\"aiovg-link-title\">27\/09\/24 &#8211; Chattahoochee<\/a>\n            <\/div>\n        \n                    \n                \n        \n                \n            <\/div>\n<\/div>            \r\n        <\/div>                \r\n                    \r\n        <div class=\"aiovg-col aiovg-col-3\">\r\n            \n<div class=\"aiovg-thumbnail aiovg-thumbnail-style-image-top\" data-id=\"1351\">\n    <a href=\"https:\/\/www.country-route92.fr\/wordpress\/video\/27-09-24-seminole-wind\/\" class=\"aiovg-responsive-container\" style=\"padding-bottom: 56.25%;\">\n        <img decoding=\"async\" src=\"https:\/\/img.youtube.com\/vi\/qWZbMOVWs5c\/maxresdefault.jpg\" alt=\"27\/09\/24 - Seminole Wind\" class=\"aiovg-responsive-element\" \/>                    \n        \n                \n        <svg class=\"aiovg-svg-icon aiovg-svg-icon-play\" width=\"32\" height=\"32\" viewBox=\"0 0 32 32\">\n            <path d=\"M16 0c-8.837 0-16 7.163-16 16s7.163 16 16 16 16-7.163 16-16-7.163-16-16-16zM16 29c-7.18 0-13-5.82-13-13s5.82-13 13-13 13 5.82 13 13-5.82 13-13 13zM12 9l12 7-12 7z\"><\/path>\n        <\/svg>\n    <\/a>    \t\n    \n    <div class=\"aiovg-caption\">\n                    <div class=\"aiovg-title\">\n                <a href=\"https:\/\/www.country-route92.fr\/wordpress\/video\/27-09-24-seminole-wind\/\" class=\"aiovg-link-title\">27\/09\/24 &#8211; Seminole Wind<\/a>\n            <\/div>\n        \n                    \n                \n        \n                \n            <\/div>\n<\/div>            \r\n        <\/div>                \r\n                    \r\n        <div class=\"aiovg-col aiovg-col-3\">\r\n            \n<div class=\"aiovg-thumbnail aiovg-thumbnail-style-image-top\" data-id=\"1350\">\n    <a href=\"https:\/\/www.country-route92.fr\/wordpress\/video\/27-09-24-old-dan-sucker\/\" class=\"aiovg-responsive-container\" style=\"padding-bottom: 56.25%;\">\n        <img decoding=\"async\" src=\"https:\/\/img.youtube.com\/vi\/u53sh5lG6Tc\/mqdefault.jpg\" alt=\"27\/09\/24 - Old Dan Stucker\" class=\"aiovg-responsive-element\" \/>                    \n        \n                \n        <svg class=\"aiovg-svg-icon aiovg-svg-icon-play\" width=\"32\" height=\"32\" viewBox=\"0 0 32 32\">\n            <path d=\"M16 0c-8.837 0-16 7.163-16 16s7.163 16 16 16 16-7.163 16-16-7.163-16-16-16zM16 29c-7.18 0-13-5.82-13-13s5.82-13 13-13 13 5.82 13 13-5.82 13-13 13zM12 9l12 7-12 7z\"><\/path>\n        <\/svg>\n    <\/a>    \t\n    \n    <div class=\"aiovg-caption\">\n                    <div class=\"aiovg-title\">\n                <a href=\"https:\/\/www.country-route92.fr\/wordpress\/video\/27-09-24-old-dan-sucker\/\" class=\"aiovg-link-title\">27\/09\/24 &#8211; Old Dan Stucker<\/a>\n            <\/div>\n        \n                    \n                \n        \n                \n            <\/div>\n<\/div>            \r\n        <\/div>                \r\n                    \r\n        <div class=\"aiovg-col aiovg-col-3\">\r\n            \n<div class=\"aiovg-thumbnail aiovg-thumbnail-style-image-top\" data-id=\"1349\">\n    <a href=\"https:\/\/www.country-route92.fr\/wordpress\/video\/27-09-24-indian-sound\/\" class=\"aiovg-responsive-container\" style=\"padding-bottom: 56.25%;\">\n        <img decoding=\"async\" src=\"https:\/\/img.youtube.com\/vi\/wMU2Zl-Bctk\/maxresdefault.jpg\" alt=\"27\/09\/24 - Indian Sound\" class=\"aiovg-responsive-element\" \/>                    \n        \n                \n        <svg class=\"aiovg-svg-icon aiovg-svg-icon-play\" width=\"32\" height=\"32\" viewBox=\"0 0 32 32\">\n            <path d=\"M16 0c-8.837 0-16 7.163-16 16s7.163 16 16 16 16-7.163 16-16-7.163-16-16-16zM16 29c-7.18 0-13-5.82-13-13s5.82-13 13-13 13 5.82 13 13-5.82 13-13 13zM12 9l12 7-12 7z\"><\/path>\n        <\/svg>\n    <\/a>    \t\n    \n    <div class=\"aiovg-caption\">\n                    <div class=\"aiovg-title\">\n                <a href=\"https:\/\/www.country-route92.fr\/wordpress\/video\/27-09-24-indian-sound\/\" class=\"aiovg-link-title\">27\/09\/24 &#8211; Indian Sound<\/a>\n            <\/div>\n        \n                    \n                \n        \n                \n            <\/div>\n<\/div>            \r\n        <\/div>                \r\n        <\/div><div class=\"aiovg-pagination aiovg-text-center\" data-uid=\"69eb7fd2259b82\" data-source=\"videos\" data-current=\"1\"><div class=\"aiovg-pagination-links\"><span aria-current=\"page\" class=\"page-numbers current\">1<\/span><a class=\"page-numbers\" href=\"https:\/\/www.country-route92.fr\/wordpress\/wp-json\/wp\/v2\/pages\/934\/page\/2\">2<\/a><a class=\"page-numbers\" href=\"https:\/\/www.country-route92.fr\/wordpress\/wp-json\/wp\/v2\/pages\/934\/page\/3\">3<\/a><a class=\"page-numbers\" href=\"https:\/\/www.country-route92.fr\/wordpress\/wp-json\/wp\/v2\/pages\/934\/page\/4\">4<\/a><a class=\"next page-numbers\" href=\"https:\/\/www.country-route92.fr\/wordpress\/wp-json\/wp\/v2\/pages\/934\/page\/2\">&raquo;<\/a><\/div><p class=\"aiovg-text-muted\">Page 1 of 4<\/p><\/div><\/div><\/div>\n\t\t\t\t<\/div>\n\t\t\t\t<\/div>\n\t\t\t\t\t\t<\/div>\n\t\t\t<\/div>\n\t\t<\/div>\n\t\t\t\t\t\t<\/div>\n\t\t\t<\/div>\n\t\t<\/section>\n\t\t\t\t\t\t<\/div>\n\t\t\t<\/div>\n\t\t<\/div>\n\t\t","protected":false},"excerpt":{"rendered":"<p>La Troupe Liste des danses pr\u00e9sent\u00e9es durant les d\u00e9monstrations Les Vid\u00e9os<\/p>\n","protected":false},"author":2,"featured_media":0,"parent":0,"menu_order":0,"comment_status":"closed","ping_status":"closed","template":"page-fullwidth.php","meta":{"footnotes":""},"class_list":["post-934","page","type-page","status-publish","hentry"],"_links":{"self":[{"href":"https:\/\/www.country-route92.fr\/wordpress\/wp-json\/wp\/v2\/pages\/934","targetHints":{"allow":["GET"]}}],"collection":[{"href":"https:\/\/www.country-route92.fr\/wordpress\/wp-json\/wp\/v2\/pages"}],"about":[{"href":"https:\/\/www.country-route92.fr\/wordpress\/wp-json\/wp\/v2\/types\/page"}],"author":[{"embeddable":true,"href":"https:\/\/www.country-route92.fr\/wordpress\/wp-json\/wp\/v2\/users\/2"}],"replies":[{"embeddable":true,"href":"https:\/\/www.country-route92.fr\/wordpress\/wp-json\/wp\/v2\/comments?post=934"}],"version-history":[{"count":7,"href":"https:\/\/www.country-route92.fr\/wordpress\/wp-json\/wp\/v2\/pages\/934\/revisions"}],"predecessor-version":[{"id":1133,"href":"https:\/\/www.country-route92.fr\/wordpress\/wp-json\/wp\/v2\/pages\/934\/revisions\/1133"}],"wp:attachment":[{"href":"https:\/\/www.country-route92.fr\/wordpress\/wp-json\/wp\/v2\/media?parent=934"}],"curies":[{"name":"wp","href":"https:\/\/api.w.org\/{rel}","templated":true}]}}